hat is i(-38)?
25
Let o(u) = 67*u**2 + 25*u + 24. Give o(-1).
66
Let s(o) = -o**3 - 14*o**2 - 46*o - 66. Determine s(-10).
-6
Let r(j) = -15*j + 1167. Calculate r(77).
12
Let w(q) = -7399*q - 133175. What is w(-18)?
7
Let f(w) = -2*w**3 + w**2 + 16*w - 78. Give f(3).
-75
Let p(c) = -383*c + 25221. Give p(66).
-57
Let b(d) = -d**2 - 2536*d + 38255. Calculate b(15).
-10
Let g(h) = 81*h + 7384. What is g(-91)?
13
Let f(u) = u**2 - 53*u + 569. Determine f(15).
-1
Let a(x) = -179*x - 1584. What is a(-10)?
206
Let h(m) = -m**2 - 99*m - 1253. Determine h(-15).
7
Let v(w) = 19*w + 31. Give v(-3).
-26
Let w(i) = -i**3 - 79*i**2 + 76*i - 206. Determine w(-80).
114
Let w(i) = i**2 - 36*i - 403. What is w(44)?
-51
Let t(m) = 11*m**3 - 3*m**2 + 39*m + 77. Determine t(-2).
-101
Let h(m) = 81*m - 729. Give h(9).
0
Let p(z) = -z**2 + 29*z - 177. Give p(5).
-57
Let h(g) = 75*g + 1282. Calculate h(-18).
-68
Let u(l) = -l**2 + 27*l + 887. Give u(45).
77
Let w(v) = -v**3 - 16*v**2 + 55*v - 7. What is w(-19)?
31
Let b(p) = p**2 - 28*p - 12. Determine b(0).
-12
Let s(m) = -2*m**3 - 23*m**2 + 31*m + 464. Calculate s(-11).
2
Let f(g) = 118*g - 1725. Calculate f(16).
163
Let k(u) = -2*u**3 - 48*u**2 + 2*u + 40. What is k(-24)?
-8
Let f(d) = -4*d**2 + 20*d - 13. Give f(8).
-109
Let g(v) = -3*v**2 - 2*v + 17. What is g(3)?
-16
Let q(y) = 67*y + 372. Give q(-9).
-231
Let i(v) = -2*v**3 + 75*v**2 - 36*v + 130. Calculate i(37).
167
Let q(v) = -85*v - 146. Calculate q(-2).
24
Let q(x) = -44*x - 723. What is q(-19)?
113
Let d(w) = 25*w + 31. What is d(-1)?
6
Let i(r) = 2*r - 251. What is i(84)?
-83
Let f(o) = -222*o + 882. Determine f(4).
-6
Let w(b) = -2*b**3 + 216*b**2 + 218*b - 21. Determine w(109).
-21
Let o(s) = 4*s**2 + 35*s - 12. What is o(-9)?
-3
Let v(n) = 3*n**2 - 740*n + 5112. Determine v(7).
79
Let v(q) = -232*q**2 - 11*q + 13. What is v(1)?
-230
Let y(w) = w**2 - 38*w + 36. Determine y(37).
-1
Let u(h) = -h**3 + 85*h**2 + 274*h + 21. Give u(-3).
-9
Let z(k) = -2*k**3 - 24*k**2 - 9*k - 10. Give z(-10).
-320
Let j(i) = -i**2 + 70*i - 1257. What is j(32)?
-41
Let n(r) = -7*r + 391. What is n(53)?
20
Let y(s) = -2*s**3 - 50*s**2 - 80*s - 755. What is y(-24)?
13
Let q(o) = 523*o + 559. What is q(-1)?
36
Let k(p) = -51*p - 4479. Calculate k(-88).
9
Let l(w) = 9*w**3 - 7*w**2 + 11*w + 27. Calculate l(-3).
-312
Let b(c) = c**3 - 9*c**2 + 7*c - 2. Calculate b(4).
-54
Let i(f) = -3*f**3 + 119*f**2 + 45*f - 64. What is i(40)?
136
Let q(o) = o**3 + 9*o**2 + o - 2. Determine q(-10).
-112
Let q(v) = 2*v**3 + 11*v**2 - 10*v + 11. Determine q(-6).
35
Let n(f) = f**3 - 10*f**2 - 10*f + 19. Give n(11).
30
Let d(t) = 113*t - 12. Determine d(0).
-12
Let s(o) = -2*o**2 - 99*o - 1218. What is s(-25)?
7
Let j(o) = 23691*o - 71076. Calculate j(3).
-3
Let k(f) = 264*f - 4230. Determine k(16).
-6
Let t(s) = 5378*s - 37644. Calculate t(7).
2
Let d(j) = -3*j**2 + 24*j + 130. Give d(-5).
-65
Let m(i) = i**2 - 188*i - 4161. Calculate m(-20).
-1
Let v(m) = -430*m - 12100. Give v(-28).
-60
Let t(x) = x**2 + 54*x - 2424. Determine t(29).
-17
Let m(n) = -n**2 + 78*n - 268. Calculate m(0).
-268
Let s(d) = -99*d + 11584. Calculate s(117).
1
Let t(r) = 320*r**3 - r**2 - 78*r + 78. What is t(1)?
319
Let a(p) = -7*p**2 - 78*p - 14. Calculate a(-11).
-3
Let d(q) = q**3 - 40*q + 255. Determine d(6).
231
Let p(q) = -3*q**3 - 16*q**2 + 13*q + 67. Calculate p(-5).
-23
Let l(k) = -k**3 - 17*k**2 - 32*k - 258. What is l(-16)?
-2
Let j(i) = i**3 + 18*i**2 + 27*i - 528. Give j(-12).
12
Let g(n) = -n**3 - 40*n**2 + n + 60. Give g(-40).
20
Let u(a) = 300*a + 48046. What is u(-160)?
46
Let f(s) = 98*s + 193. Calculate f(-5).
-297
Let v(c) = -21*c**2 - 2164*c - 111. Calculate v(-103).
-8
Let g(k) = 48*k + 191. Calculate g(-4).
-1
Let v(r) = -r**2 + 41*r - 210. Determine v(7).
28
Let f(g) = -2*g**3 + g**2 + 2*g - 15. Determine f(0).
-15
Let f(s) = 129*s + 2791. What is f(-18)?
469
Let o(f) = -2*f**3 - 17*f**2 + 242*f - 1. Give o(-16).
-33
Let k(c) = c**3 + 8*c**2 - 44*c + 546. Determine k(-14).
-14
Let r(a) = -a**2 - 46*a - 178. Determine r(-5).
27
Let j(p) = -13*p + 232. What is j(20)?
-28
Let o(z) = z**3 + 31*z**2 - 20*z + 97. Calculate o(-32).
-287
Let f(y) = -42*y**2 - 832*y + 158. What is f(-20)?
-2
Let t(k) = 16*k - 525. What is t(-9)?
-669
Let d(w) = -w**3 + 81*w**2 - 937*w - 4. Determine d(14).
10
Let n(f) = 41*f**2 + f + 6. Determine n(-2).
168
Let u(s) = 198*s - 989. Determine u(5).
1
Let n(u) = -u**3 + 7*u**2 + 22*u - 193. What is n(6)?
-25
Let u(y) = -3*y**2 - 51*y + 56. What is u(-13)?
212
Let i(k) = k**3 + 36*k**2 + 72*k + 37. Give i(-34).
-99
Let o(j) = 16*j + 181. Determine o(-17).
-91
Let t(o) = -13*o**2 + 898*o - 933. Calculate t(68).
19
Let n(i) = -i**2 - 386*i - 2279. What is n(-6)?
1
Let z(a) = -a**3 - a**2 + a - 7. Give z(4).
-83
Let l(r) = -4*r + 5. Calculate l(-4).
21
Let j(w) = 35*w**2 - 631*w + 82. Calculate j(18).
64
Let w(a) = -13*a**2 - 1204*a + 474. Calculate w(-93).
9
Let g(s) = -6*s**3 - 4*s**2 - 16*s - 28. Calculate g(-2).
36
Let b(n) = -810*n - 729. Determine b(-1).
81
Let c(j) = -j**3 + 47*j**2 - 38*j - 295. What is c(46)?
73
Let h(p) = -69*p - 263. Determine h(-4).
13
Let o(m) = 447*m + 5813. What is o(-13)?
2
Let a(u) = 2*u**2 + 33*u + 103. Give a(-4).
3
Let t(d) = 146*d + 4355. Calculate t(-30).
-25
Let l(f) = -f**2 - 29*f + 32. Give l(-28).
60
Let h(g) = -g**2 - 834*g - 21795. Give h(-27).
-6
Let a(o) = -8111*o - 16218. Calculate a(-2).
4
Let j(a) = -a**3 + 6*a**2 + 51*a + 41. Give j(11).
-3
Let s(m) = 10*m**2 + 405*m - 627. Determine s(-42).
3
Let s(z) = -z**2 + 15*z - 3. Determine s(0).
-3
Let a(n) = 20*n - 415. Give a(10).
-215
Let s(w) = -900*w - 126910. What is s(-141)?
-10
Let c(r) = r - 111. Determine c(27).
-84
Let n(w) = -w**2 + 47*w - 283. Calculate n(13).
159
Let p(s) = 20*s - 955. Calculate p(48).
5
Let y(b) = b**3 - 26*b**2 + 26*b + 48. What is y(25)?
73
Let k(s) = -1163*s - 4640. Determine k(-4).
12
Let d(m) = -m**3 + 36*m**2 + 461*m - 59. Calculate d(46).
-13
Let p(i) = 19*i**3 + 97*i**2 + 11*i + 1. Determine p(-5).
-4
Let l(s) = -s**3 + 28*s**2 - 26*s + 90. Calculate l(27).
117
Let m(s) = 41*s + 4424. Determine m(-108).
-4
Let l(b) = b**3 - 2*b**2 + 3*b - 5. Give l(4).
39
Let r(m) = -205*m - 10871. Give r(-53).
-6
Let z(g) = -g**3 - 8*g**2 - 9*g - 291. Give z(-10).
-1
Let x(o) = o**3 - 27*o**2 - 43*o - 192. What is x(29)?
243
Let n(t) = -t**3 + 9*t**2 + 3*t - 20. Determine n(0).
-20
Let l(j) = 213*j - 439. Calculate l(2).
-13
Let w(h) = -37*h**2 + 79*h + 89. What is w(3)?
-7
Let r(m) = -4*m**2 + 14*m - 34. Determine r(3).
-28
Let v(b) = -2*b**2 + 225*b - 460. Give v(107).
717
Let s(h) = -h**2 + 63*h - 12. Calculate s(63).
-12
Let m(g) = 5*g - 193. Determine m(31).
-38
Let y(z) = -z**3 + 35*z**2 + 44*z - 2647. Give y(34).
5
Let a(n) = 1326*n + 11941. What is a(-9)?
7
Let l(u) = -901*u - 5415. Give l(-6).
-9
Let c(p) = -2*p**2 - 338*p - 2254. Give c(-7).
14
Let c(o) = -355*o**2 - 87. Calculate c(0).
-87
Let k(b) = -b**3 - 31*b**2 - 106*b - 1397. Calculate k(-29).
-5
Let d(b) = -3*b**2 - 22*b - 31. Calculate d(-5).
4
Let j(n) = -324*n - 2596. Calculate j(-8).
-4
Let f(u) = -u - 239. Determine f(-15).
-224
Let f(b) = -3*b**3 + 27*b**2 - 32*b + 73. What is f(8)?
9
Let h(u) = -3*u**2 - 25*u + 9. What is h(-7)?
37
Let a(z) = -1120*z + 5629. Calculate a(5).
29
Let a(m) = -2*m**3 - 17*m**2 - 50*m + 7. Give a(-7).
210
Let r(y) = -y**3 - 42*y**2 - 42*y - 53. What is r(-41)?
-12
Let p(d) = 7*d**2 - 24*d + 51. Determine p(3).
42
Let a(v) = 10*v**2 + 69*v - 432. Calculate a(4).
4
Let d(y) = -43*y**2 + 1131*y - 2264. Determine d(2).
-174
Let w(b) = -210*b - 4256. Give w(-20).
-56
Let o(t) = t**2 + 35*t + 46. Determine o(-33).
-20
Let b(x) = 54*x + 4450. Give b(-82).
22
Let v(m) = 31*m - 1370. What is v(44)?
-6
Let j(v) = v**2 - 4*v - 1120. Calculate j(32).
-224
Let y(z) = 3825*z - 41998. Calculate y(11).
77
Let w(b) = b**3 - 20*b**2 + 9*b - 172. Give w(20).
8
Let q(n) = -n**3 + 20*n**2 + 20*n + 66. Determine q(21).
45
Let n(r) = 346*r**3 - 4*r**2 - 8*r + 11. What is n(1)?
345
Let l(x) = 1680*x + 5041. Determine l(-3).
1
Let n(d) = -d**3 - 128*d**2 + 660*d - 646. Calculate n(-133).
19
Let h(i) = 264*i + 260. Calculate h(-1).
-4
Let n(g) = -5*g**2 - 52*g + 426. Determine 